{"id":2,"date":"2024-02-17T16:04:22","date_gmt":"2024-02-17T16:04:22","guid":{"rendered":"http:\/\/fundacjanaturarzeczy.pl\/?page_id=2"},"modified":"2024-11-23T16:11:53","modified_gmt":"2024-11-23T16:11:53","slug":"o_fundacji","status":"publish","type":"page","link":"https:\/\/fundacjanaturarzeczy.pl\/index.php\/o_fundacji\/","title":{"rendered":"O fundacji"},"content":{"rendered":"\n<p>Pomys\u0142 na za\u0142o\u017cenie Fundacji Natura Rzeczy zrodzi\u0142 si\u0119 z potrzeby sformalizowania nieoczywistego zwi\u0105zku dw\u00f3ch moich predylekcji \u2013 tej do wszechpot\u0119\u017cnej Matki Natury i tej do tworzenia &#8211; mo\u017ce nie od razu wielkiej Sztuki, ale solidnego i ciesz\u0105cego oko r\u0119kodzie\u0142a artystycznego. Niebagateln\u0105 rol\u0119 w tym procesie odegra\u0142a ch\u0119\u0107 dzielenia si\u0119 moimi zami\u0142owaniami z gronem odbiorc\u00f3w nieco szerszym ni\u017c tylko domownicy. Poprzez edukacj\u0119 artystyczn\u0105 i przyrodnicz\u0105 chcia\u0142abym pomaga\u0107 uczestnikom zaj\u0119\u0107 w rozwijaniu kreatywno\u015bci i pewno\u015bci siebie, a tak\u017ce kszta\u0142towa\u0107 szalenie wa\u017cn\u0105 moim zdaniem wra\u017cliwo\u015b\u0107 na przyrod\u0119 i jej ochron\u0119. W dzia\u0142aniach ukierunkowanych lokalnie moim celem jest tak\u017ce kreowanie postaw sprzyjaj\u0105cych budowaniu spo\u0142ecze\u0144stwa obywatelskiego w oparciu o szacunek dla regionalnego dziedzictwa przyrodniczego i kulturowego.<\/p>\n\n\n\n<p>Do zobaczenia!<\/p>\n\n\n\n<p class=\"has-text-align-left\"><em>Anna Malesi\u0144ska<\/em><\/p>\n","protected":false},"excerpt":{"rendered":"<p>Pomys\u0142 na za\u0142o\u017cenie Fundacji Natura Rzeczy zrodzi\u0142 si\u0119 z potrzeby sformalizowania nieoczywistego zwi\u0105zku dw\u00f3ch moich predylekcji \u2013 tej do wszechpot\u0119\u017cnej Matki Natury i tej do tworzenia &#8211; mo\u017ce nie od razu wielkiej Sztuki, ale solidnego i ciesz\u0105cego oko r\u0119kodzie\u0142a artystycznego. Niebagateln\u0105 rol\u0119 w tym procesie odegra\u0142a ch\u0119\u0107 dzielenia si\u0119 moimi zami\u0142owaniami z gronem odbiorc\u00f3w nieco [&hellip;]<\/p>\n","protected":false},"author":1,"featured_media":0,"parent":0,"menu_order":0,"comment_status":"closed","ping_status":"open","template":"","meta":{"_monsterinsights_skip_tracking":false,"_monsterinsights_sitenote_active":false,"_monsterinsights_sitenote_note":"","_monsterinsights_sitenote_category":0,"_uf_show_specific_survey":0,"_uf_disable_surveys":false,"footnotes":""},"class_list":["post-2","page","type-page","status-publish","hentry"],"aioseo_notices":[],"_links":{"self":[{"href":"https:\/\/fundacjanaturarzeczy.pl\/index.php\/wp-json\/wp\/v2\/pages\/2","targetHints":{"allow":["GET"]}}],"collection":[{"href":"https:\/\/fundacjanaturarzeczy.pl\/index.php\/wp-json\/wp\/v2\/pages"}],"about":[{"href":"https:\/\/fundacjanaturarzeczy.pl\/index.php\/wp-json\/wp\/v2\/types\/page"}],"author":[{"embeddable":true,"href":"https:\/\/fundacjanaturarzeczy.pl\/index.php\/wp-json\/wp\/v2\/users\/1"}],"replies":[{"embeddable":true,"href":"https:\/\/fundacjanaturarzeczy.pl\/index.php\/wp-json\/wp\/v2\/comments?post=2"}],"version-history":[{"count":3,"href":"https:\/\/fundacjanaturarzeczy.pl\/index.php\/wp-json\/wp\/v2\/pages\/2\/revisions"}],"predecessor-version":[{"id":383,"href":"https:\/\/fundacjanaturarzeczy.pl\/index.php\/wp-json\/wp\/v2\/pages\/2\/revisions\/383"}],"wp:attachment":[{"href":"https:\/\/fundacjanaturarzeczy.pl\/index.php\/wp-json\/wp\/v2\/media?parent=2"}],"curies":[{"name":"wp","href":"https:\/\/api.w.org\/{rel}","templated":true}]}}